mainder when 43 is divided by u?
7
Suppose 61*i - 76 = 57*i. Let f = 4 + -2. Suppose 3*x + 3*t = 15, 3*x + 11 = 4*x - f*t. What is the remainder when i is divided by x?
5
What is the remainder when ((-123)/9 - 5)*(-1917)/36 is divided by 12?
10
Suppose -c + 92 = -4*h, -4*c = -5*h - 115 - 198. What is the remainder when 89 is divided by c?
17
Let v(k) = -13*k - 31. Calculate the remainder when v(-4) is divided by 8.
5
Suppose 0 = -2*w - 5*b - 2, w - b - 10 = -w. Suppose -30 = -3*q - w*o, -o - 2*o = 9. Calculate the remainder when (-1 - 58/(-2)) + -2 is divided by q.
12
Calculate the remainder when 205*(-1 - 18/(-10)) is divided by (-33)/2*(-7)/(-126)*-12.
10
Suppose -2*u + 72 - 6 = 0. What is the remainder when 41 is divided by u?
8
Calculate the remainder when (66/10)/(5 + (-1175)/250) is divided by (13/(-2) + 0)*-2.
9
Let h(w) be the first derivative of 34*w**3/3 + 3*w**2/2 + 2*w - 1. Let j be (3 - 5) + (-2 - -3). Calculate the remainder when h(j) is divided by 17.
16
Let q = -30 - -40. Let n be (-6)/q + (-39)/(-15). Suppose n*m = 5*m - 15, 235 = 5*o + m. What is the remainder when o is divided by 17?
12
Let r = -5 + 31. What is the remainder when 207 is divided by r?
25
Suppose -5*q + 3*l + 1186 = 2*l, -5*l = 5*q - 1210. What is the remainder when q is divided by 79?
1
Suppose 32*z = 30*z - 3*t + 113, -5*t + 167 = 3*z. Calculate the remainder when z is divided by 22.
20
Let c = 762 + -308. What is the remainder when c is divided by 76?
74
Let f = -434 - -1997. What is the remainder when f is divided by 34?
33
Suppose -5*o = -38 + 18. Suppose 2*p + 3*i + 11 = o*p, -p - i + 8 = 0. What is the remainder when 18 is divided by p?
4
Suppose -3*j + 1344 = 68*j - 23*j. Suppose 34 = 3*t - 11. Calculate the remainder when j is divided by t.
13
Let c = -137 + 137. Let b(v) = v**2 + 9. What is the remainder when 97 is divided by b(c)?
7
Let n(v) = -v**3 - 9*v**2 - 18*v + 7. Let s(t) = -7*t - 1. Let j be s(1). What is the remainder when n(j) is divided by 23?
18
Suppose -94 = -2*m + 18. Let w = 7 + -3. Suppose -w*p - 3*g + 116 = 28, -3*p + 41 = -4*g. Calculate the remainder when m is divided by p.
18
What is the remainder when 82 is divided by 12 + 3 + -11 + 39?
39
Suppose 2*r - 4*q - 70 = 0, -5*r - 26 = q - 157. Let t = r - 14. Calculate the remainder when 37 is divided by t.
11
Let a(c) = c**2 + 2. Suppose -4 = 4*q + 8. Suppose 0 = 3*n - 2*l - 125, 3*l - 137 = -5*n + 84. What is the remainder when n is divided by a(q)?
10
Suppose -8 = -4*j + 2*j. Suppose -f = -j - 14. Calculate the remainder when f is divided by 5/5 + (5 - 2).
2
Let n(x) = x**2 - 3*x. Let q be 2/(-4) - 45/(-10). Let u be n(q). What is the remainder when 61/u - (-21)/28 is divided by 6?
4
Let y(b) = b**2 - 14*b - 47. Calculate the remainder when 137 is divided by y(18).
12
Let y(d) = -33*d**3 + d**2 - 1. Let u be y(-1). Let s = -30 + u. Calculate the remainder when 50 is divided by s.
2
Let z be (-6615)/(-108) + (-1)/4. Let j = z - 37. Calculate the remainder when 94 is divided by j.
22
Suppose -37*a + 17*a = -20. Calculate the remainder when 3 is divided by a.
0
Let h = -88 - -91. Calculate the remainder when 67 is divided by 11 + (h - 0)/1.
11
Suppose -785 = -6*g + 109. What is the remainder when g is divided by 15?
14
Let v = 17 + -2. Let o(b) = 29 + 7*b**3 + 2*b**3 + v*b**3 - 30 + b. What is the remainder when 118 is divided by o(1)?
22
Let f = 46 + -39. Let g be (-51)/(-7) + (-2)/f. Let l(z) = -z**3 + 8*z**2 - 5*z - 1. Calculate the remainder when 20 is divided by l(g).
7
What is the remainder when (-3936)/(5 - 11) + -8 is divided by 50?
48
Let b be 12/(-42) + 284/14. Let x = -12 + b. Calculate the remainder when 14 is divided by x.
6
Let u(b) = b**2 - b + 1. Calculate the remainder when 4 + ((-4)/14 - (-396)/63) is divided by u(-2).
3
Let q(t) = 8*t - 289 + 301 + 0*t. Calculate the remainder when 85 is divided by q(4).
41
Let t be 4*(-1 + (-1 - -3)). Suppose 24 - t = 2*o. Calculate the remainder when 29 is divided by o.
9
What is the remainder when 1*(0 + 6) + 90 is divided by 17?
11
Suppose -5*j - 3 = k, -5*k + 33 = 5*j + 8. Suppose -4*u + 22 + 106 = 0. What is the remainder when u is divided by k?
4
Suppose 4*y + 2*y - 18 = 0. Let n be (-1 + y)/((-3)/48). Let a = -29 - n. Calculate the remainder when 14 is divided by a.
2
Let j(i) = i**2 - 4*i + 1. Suppose 52*k - 123 = 51*k + 4*z, 0 = -2*z - 4. What is the remainder when k is divided by j(6)?
11
Let c(z) = z**3 + 10*z**2 + 17. Let n be c(-10). Let l = n + -7. Calculate the remainder when l is divided by 6.
4
Calculate the remainder when (164/8 - 3) + (-30)/(-20) is divided by 8.
3
Suppose -4*m + 2*m = 0. Let d be 8 - -12 - (-6)/(-1). Suppose -4*n - d + 46 = m. What is the remainder when n is divided by 4?
0
Let w = -65 - -114. Calculate the remainder when w is divided by (-2)/9*3*-39.
23
Let y = -825 - -836. Calculate the remainder when 34 is divided by y.
1
Let h = 130 - 62. Let r(a) = -3*a + 3. What is the remainder when h is divided by r(-7)?
20
Let h = -59 - -62. Suppose 0 = -4*z - 4*g + 24, 0 = -3*z - g - 0*g + 18. Calculate the remainder when z is divided by h.
0
Suppose -389 = 58*r - 3057. Calculate the remainder when r is divided by 40.
6
Let g = -151 - -112. Let v = 48 + g. Suppose -2*a + 0*z + 36 = -4*z, 3*a - 4*z = 52. What is the remainder when a is divided by v?
7
Suppose 2*n - 24 = -2*n. Let i(g) = -g**3 + 7*g**2 - 7*g + 2. Let k be i(n). What is the remainder when 27 is divided by k*1/(-4) + 9?
7
Suppose -1489 = -22*p + 755. Suppose 0*v - 5*v = -130. What is the remainder when p is divided by v?
24
Let x be 80/60 + (-41)/(-3). Suppose 41 = 4*r - x. Suppose -5*t + 1 + 29 = h, -3*t + 20 = h. Calculate the remainder when r is divided by t.
4
Let i = -98 + 173. Let p = i - 18. Calculate the remainder when p is divided by 6.
3
Let w(u) = -3*u**2 - 2*u**2 - 2*u**3 + u**3 + 1. Let t(c) = c**3 + 39*c**2 - 170*c + 79. Let l be t(-43). Calculate the remainder when w(l) is divided by 34.
31
Let f(b) = -2*b - 12. Let w be f(-8). Suppose 3*n - 117 = 2*u - 5*u, u = -w*n + 36. Calculate the remainder when 118 is divided by u.
38
Suppose 0 = -7*u + 369 + 1164. Calculate the remainder when u is divided by 56.
51
Let k = 42 - 44. Let b(v) = 13*v**2 + 3*v + 7. What is the remainder when 153 is divided by b(k)?
47
Let b = -591 - -1065. What is the remainder when b is divided by 19?
18
Let r = -396 + 450. Calculate the remainder when 139 is divided by r.
31
Let b = 246 + -175. Calculate the remainder when b is divided by 26.
19
Let d = 9 - 4. Let v(l) = d*l - 16 - l**2 + 9*l + l. What is the remainder when v(12) is divided by 11?
9
Let g = -41 + 224. What is the remainder when g is divided by 95?
88
Suppose -5*i + 0*i + 35 = 0. Let u(f) = -f**3 + 8*f**2 - 2. Calculate the remainder when 92 is divided by u(i).
45
Let n(z) = 15*z + 130. What is the remainder when (-8)/(2 + (-32)/14) is divided by n(-8)?
8
Calculate the remainder when (-2)/(-3) + -6 + (-2050)/(-30) is divided by 23.
17
Suppose z - 8 = 4*w, -2*z + 6*z - w = 17. Suppose 4 = -z*u - 4*l, 3 = u - 3*l - 8. What is the remainder when 0 + (u - (2 - 3)) is divided by 1?
0
Suppose -5*c + 25 = 0, 5*q - 5*c = 2*q + 149. Let u = -2 - -3. Calculate the remainder when q is divided by (u - -1*2)*5.
13
Let h be 11/(66/405) - 1/2. Suppose -143 - h = -10*s. Calculate the remainder when s is divided by 11.
10
Let w(o) = o**3 - 30*o**2 - 33*o + 127. What is the remainder when 457 is divided by w(31)?
2
Let b = 312 + -305. What is the remainder when 40 is divided by b?
5
Let w = 6 - 5. Suppose 5*d - w = 9. Suppose 2*q + 4*l - 46 = -l, 0 = -d*q - 3*l + 38. Calculate the remainder when 24 is divided by q.
11
Let s(b) = 31*b - 186. What is the remainder when s(35) is divided by 60?
59
Let w(s) = s**3 + 6*s**2 - 8*s + 4. What is the remainder when w(3) is divided by 16?
13
Let l = 167 - 117. Suppose -2*z + p = -58, -2*z + 5*p = -0*z - l. Suppose -a = 2*s - 11, -5*a + 5*s = -z - 100. What is the remainder when 82 is divided by a?
19
Let x be ((-1)/(-2))/((-3)/(-108)). Let f(i) = -i**2 + 17*i + 21. Calculate the remainder when 3 is divided by f(x).
0
Suppose -2*l = 5*d - 365, 5*d - 365 = -0*l - 3*l. Suppose -5*a = -5*g + g + 95, -4*g - 4*a = -104. What is the remainder when d is divided by g?
